the hundreds digit of 7447?
4
What is the units digit of 276?
6
What is the tens digit of 7156?
5
What is the tens digit of 4284?
8
What is the units digit of 77759?
9
What is the hundreds digit of 4975?
9
What is the thousands digit of 51270?
1
What is the tens digit of 86918?
1
What is the ten thousands digit of 16569?
1
What is the tens digit of 3433?
3
What is the thousands digit of 22531?
2
What is the units digit of 1298?
8
What is the units digit of 1096?
6
What is the units digit of 954?
4
What is the tens digit of 1415?
1
What is the ten thousands digit of 86578?
8
What is the units digit of 13546?
6
What is the units digit of 495?
5
What is the thousands digit of 3862?
3
What is the tens digit of 21707?
0
What is the units digit of 43042?
2
What is the units digit of 24090?
0
What is the tens digit of 3476?
7
What is the units digit of 48788?
8
What is the units digit of 1296?
6
What is the thousands digit of 1059?
1
What is the thousands digit of 4744?
4
What is the hundreds digit of 2026?
0
What is the hundreds digit of 1940?
9
What is the thousands digit of 83279?
3
What is the thousands digit of 67320?
7
What is the ten thousands digit of 56219?
5
What is the units digit of 28493?
3
What is the tens digit of 101?
0
What is the hundreds digit of 698?
6
What is the tens digit of 43277?
7
What is the ten thousands digit of 44307?
4
What is the tens digit of 2669?
6
What is the tens digit of 79625?
2
What is the units digit of 9456?
6
What is the hundreds digit of 13719?
7
What is the thousands digit of 1043?
1
What is the units digit of 22?
2
What is the thousands digit of 6073?
6
What is the ten thousands digit of 28300?
2
What is the hundreds digit of 112736?
7
What is the units digit of 994?
4
What is the tens digit of 85867?
6
What is the units digit of 276?
6
What is the hundreds digit of 1718?
7
What is the units digit of 539?
9
What is the hundreds digit of 40236?
2
What is the hundreds digit of 6094?
0
What is the tens digit of 18519?
1
What is the units digit of 44481?
1
What is the thousands digit of 1877?
1
What is the thousands digit of 1625?
1
What is the tens digit of 35960?
6
What is the tens digit of 74367?
6
What is the tens digit of 16161?
6
What is the hundreds digit of 34909?
9
What is the tens digit of 5256?
5
What is the tens digit of 21539?
3
What is the hundreds digit of 73110?
1
What is the thousands digit of 6189?
6
What is the units digit of 20257?
7
What is the thousands digit of 8043?
8
What is the thousands digit of 23798?
3
What is the units digit of 7136?
6
What is the hundreds digit of 10718?
7
What is the tens digit of 406?
0
What is the thousands digit of 1294?
1
What is the hundreds digit of 38025?
0
What is the units digit of 24242?
2
What is the units digit of 11968?
8
What is the tens digit of 981?
8
What is the units digit of 745?
5
What is the units digit of 21537?
7
What is the thousands digit of 9363?
9
What is the hundred thousands digit of 134602?
1
What is the tens digit of 73129?
2
What is the tens digit of 154?
5
What is the thousands digit of 30613?
0
What is the hundreds digit of 5405?
4
What is the thousands digit of 4256?
4
What is the units digit of 2683?
3
What is the units digit of 23076?
6
What is the tens digit of 17506?
0
What is the ten thousands digit of 13448?
1
What is the hundreds digit of 43444?
4
What is the hundreds digit of 5772?
7
What is the thousands digit of 78938?
8
What is the hundreds digit of 844?
8
What is the units digit of 1766?
6
What is the thousands digit of 1074?
1
What is the tens digit of 304?
0
What is the tens digit of 16963?
6
What is the hundreds digit of 1036?
0
What is the ten thousands digit of 59746?
5
What is the thousands digit of 1639?
1
What is the units digit of 896?
6
What is the tens digit of 4752?
5
What is the hundreds digit of 201?
2
What is the thousands digit of 12698?
2
What is the ten thousands digit of 27189?
2
What is the thousands digit of 18952?
8
What is the ten thousands digit of 140564?
4
What is the hundreds digit of 4611?
6
What is the thousands digit of 198033?
8
What is the thousands digit of 9749?
9
What is the thousands digit of 88050?
8
What is the tens digit of 12001?
0
What is the thousands digit of 9791?
9
What is the thousands digit of 86482?
6
What is the hundred thousands digit of 186630?
1
What is the tens digit of 29898?
9
What is the units digit of 5453?
3
What is the units digit of 91900?
0
What is the tens digit of 21388?
8
What is the hundreds digit of 48365?
3
What is the units digit of 1681?
1
What is the hundreds digit of 19283?
2
What is the thousands digit of 16897?
6
What is the units digit of 2836?
6
What is the tens digit of 37?
3
What is the units digit of 1495?
5
What is the hundreds digit of 3113?
1
What is the hundreds digit of 2927?
9
What is the units digit of 38988?
8
What is the thousands digit of 35155?
5
What is the units digit of 13947?
7
What is the tens digit of 34110?
1
What is the units digit of 40962?
2
What is the ten thousands digit of 99242?
9
What is the hundreds digit of 4220?
2
What is the units digit of 2728?
8
What is the hundreds digit of 9309?
3
What is the tens digit of 369?
6
What is the thousands digit of 6492?
6
What is the hundred thousands digit of 178969?
1
What is the tens digit of 1212?
1
What is the thousands digit of 7832?
7
What is the tens digit of 411?
1
What is the ten thousands digit of 35312?
3
What is the ten thousands digit of 30462?
3
What is the thousands digit of 6575?
6
What is the tens digit of 3656?
5
What is the tens digit of 75?
7
What is the ten thousands digit of 157465?
5
What is the tens digit of 20432?
3
What is the thousands digit of 27768?
7
What is the tens digit of 510?
1
What is the units digit of 626?
6
What is the units digit of 25245?
5
What is the tens digit of 6884?
8
What is the units digit of 1214?
4
What is the ten thousands digit of 48830?
4
What is the hundreds digit of 7489?
4
What is the units digit of 95656?
6
What is the hundreds digit of 127764?
7
What is the tens digit of 25286?
8
What is the thousands digit of 4857?
4
What is the units digit of 2181?
1
What is the tens digit of 37603?
0
What is the units digit of 39282?
2
What is the thousands digit of 7969?
7
What is the ten thousands digit of 95604?
9
What is the units digit of 1086?
6
What is the thousands digit of 3078?
3
What is the thousands digit of 35753?
5
What is the units digit of 353?
3
What is the hundreds digit of 24226?
2
What is the units digit of 36190?
0
What is the thousands digit of 1188?
1
What is the hundreds digit of 105438?
4
What is the thousands digit of 1125?
1
What is the units digit of 57?
7
What is the units digit of 10021?
1
What is the tens digit of 23229?
2
What is the hundreds digit of 75188?
1
What is the units digit of 34878?
8
What is the hundreds digit of 32448?
4
What is the ten thousands digit of 190156?
9
What is the tens digit of 3184?
8
What is the thousands digit of 74183?
4
What is the hundreds digit of 2476?
4
What is the thousands digit of 1668?
1
What is the hundreds digit of 1187?
1
What is the units digit of 732?
2
What is the thousands digit of 9255?
9
What is the hundreds digit of 1343?
3
What is the hundreds digit of 28510?
5
What is the ten thousands digit of 17314?
1
What is the units digit of 611?
1
What is the thousands digit of 2865?
2
What is the thousands digit of 1704?
1
What is the hundreds digit of 2476?
4
What is the thousands digit of 2078?
2
What is the tens digit of 24593?
9
What is the hundred thousands digit of 130017?
1
What is the hundreds digit of 22623?
6
What is the hundreds digit of 13227?
2
What is the hundreds digit of 398?
3
What is the tens digit of 26550?
5
What is the hundreds digit of 1566?
5
What is the tens digit of 147689?
8
What is the hundreds digit of 541?
5
What is the hundred thousands digit of 117521?
1
What is the units digit of 441?
1
What is the units digit of 723?
3
What is the thousands digit of 1324?
1
What is the tens digit of 3399?
9
What is the thousands digit of 9694?
9
What is the hundreds digit of 509?
5
What is the hundreds digit of 12419?
4
What is the units digit of 2172?
2
What is the hundreds digit of 819?
8
What is the tens digit of 3152?
5
What is the th